 is the remainder when 850 is divided by 107?
101
Calculate the remainder when 322 is divided by 65.
62
Calculate the remainder when 482 is divided by 238.
6
What is the remainder when 283 is divided by 11?
8
Calculate the remainder when 544 is divided by 108.
4
What is the remainder when 253 is divided by 52?
45
Calculate the remainder when 583 is divided by 9.
7
Calculate the remainder when 160 is divided by 41.
37
Calculate the remainder when 81 is divided by 37.
7
What is the remainder when 315 is divided by 108?
99
Calculate the remainder when 169 is divided by 88.
81
What is the remainder when 372 is divided by 34?
32
Calculate the remainder when 2439 is divided by 11.
8
Calculate the remainder when 321 is divided by 43.
20
Calculate the remainder when 71 is divided by 28.
15
What is the remainder when 240 is divided by 41?
35
Calculate the remainder when 864 is divided by 17.
14
What is the remainder when 307 is divided by 77?
76
What is the remainder when 827 is divided by 6?
5
What is the remainder when 380 is divided by 8?
4
What is the remainder when 370 is divided by 32?
18
What is the remainder when 39 is divided by 27?
12
Calculate the remainder when 5 is divided by 1.
0
What is the remainder when 159 is divided by 56?
47
Calculate the remainder when 4063 is divided by 19.
16
What is the remainder when 148 is divided by 11?
5
What is the remainder when 205 is divided by 34?
1
Calculate the remainder when 374 is divided by 194.
180
Calculate the remainder when 502 is divided by 157.
31
Calculate the remainder when 140 is divided by 18.
14
What is the remainder when 105 is divided by 37?
31
Calculate the remainder when 540 is divided by 111.
96
What is the remainder when 292 is divided by 17?
3
What is the remainder when 189 is divided by 47?
1
Calculate the remainder when 30 is divided by 6.
0
Calculate the remainder when 61 is divided by 14.
5
What is the remainder when 1289 is divided by 34?
31
What is the remainder when 222 is divided by 42?
12
Calculate the remainder when 3217 is divided by 534.
13
Calculate the remainder when 1451 is divided by 6.
5
What is the remainder when 130 is divided by 24?
10
What is the remainder when 178 is divided by 104?
74
Calculate the remainder when 112 is divided by 42.
28
Calculate the remainder when 1035 is divided by 74.
73
What is the remainder when 104 is divided by 13?
0
Calculate the remainder when 91 is divided by 7.
0
What is the remainder when 128 is divided by 92?
36
Calculate the remainder when 159 is divided by 20.
19
What is the remainder when 114 is divided by 35?
9
Calculate the remainder when 139 is divided by 10.
9
Calculate the remainder when 307 is divided by 81.
64
Calculate the remainder when 149 is divided by 31.
25
Calculate the remainder when 1000 is divided by 90.
10
What is the remainder when 1058 is divided by 3?
2
What is the remainder when 831 is divided by 11?
6
What is the remainder when 14037 is divided by 36?
33
Calculate the remainder when 137 is divided by 46.
45
Calculate the remainder when 14 is divided by 4.
2
What is the remainder when 433 is divided by 35?
13
What is the remainder when 120 is divided by 27?
12
What is the remainder when 237 is divided by 39?
3
What is the remainder when 389 is divided by 66?
59
What is the remainder when 4962 is divided by 73?
71
What is the remainder when 139 is divided by 4?
3
Calculate the remainder when 5910 is divided by 81.
78
What is the remainder when 27 is divided by 13?
1
Calculate the remainder when 647 is divided by 65.
62
What is the remainder when 45 is divided by 12?
9
What is the remainder when 322 is divided by 18?
16
What is the remainder when 1803 is divided by 900?
3
Calculate the remainder when 61 is divided by 35.
26
What is the remainder when 540 is divided by 124?
44
Calculate the remainder when 783 is divided by 98.
97
What is the remainder when 85 is divided by 78?
7
What is the remainder when 318 is divided by 191?
127
What is the remainder when 26009 is divided by 23?
19
Calculate the remainder when 394 is divided by 3.
1
What is the remainder when 202 is divided by 68?
66
What is the remainder when 361 is divided by 131?
99
What is the remainder when 115 is divided by 78?
37
What is the remainder when 1440 is divided by 161?
152
Calculate the remainder when 528 is divided by 132.
0
Calculate the remainder when 457 is divided by 58.
51
Calculate the remainder when 401 is divided by 45.
41
Calculate the remainder when 84 is divided by 55.
29
Calculate the remainder when 154 is divided by 23.
16
What is the remainder when 480 is divided by 7?
4
Calculate the remainder when 136 is divided by 5.
1
What is the remainder when 248 is divided by 25?
23
Calculate the remainder when 114 is divided by 20.
14
Calculate the remainder when 174 is divided by 9.
3
What is the remainder when 2374 is divided by 262?
16
What is the remainder when 1203 is divided by 374?
81
What is the remainder when 104 is divided by 84?
20
Calculate the remainder when 273 is divided by 31.
25
What is the remainder when 933 is divided by 38?
21
Calculate the remainder when 107 is divided by 29.
20
What is the remainder when 186 is divided by 24?
18
Calculate the remainder when 168 is divided by 68.
32
Calculate the remainder when 845 is divided by 125.
95
What is the remainder when 289 is divided by 7?
2
Calculate the remainder when 275 is divided by 270.
5
What is the remainder when 1080 is divided by 1077?
3
Calculate the remainder when 2398 is divided by 80.
78
What is the remainder when 336 is divided by 123?
90
What is the remainder when 466 is divided by 49?
25
What is the remainder when 3278 is divided by 82?
80
What is the remainder when 456 is divided by 53?
32
What is the remainder when 1123 is divided by 552?
19
What is the remainder when 406 is divided by 267?
139
What is the remainder when 142 is divided by 48?
46
Calculate the remainder when 5226 is divided by 24.
18
What is the remainder when 1802 is divided by 78?
8
Calculate the remainder when 9502 is divided by 108.
106
Calculate the remainder when 1474 is divided by 37.
31
What is the remainder when 1517 is divided by 10?
7
Calculate the remainder when 386 is divided by 61.
20
Calculate the remainder when 676 is divided by 336.
4
What is the remainder when 836 is divided by 20?
16
Calculate the remainder when 488 is divided by 158.
14
What is the remainder when 163 is divided by 38?
11
What is the remainder when 2817 is divided by 22?
1
What is the remainder when 307 is divided by 43?
6
What is the remainder when 180 is divided by 34?
10
Calculate the remainder when 462 is divided by 217.
28
Calculate the remainder when 72 is divided by 5.
2
Calculate the remainder when 59 is divided by 6.
5
Calculate the remainder when 376 is divided by 79.
60
What is the remainder when 21 is divided by 15?
6
What is the remainder when 2099 is divided by 560?
419
Calculate the remainder when 301 is divided by 162.
139
What is the remainder when 648 is divided by 13?
11
What is the remainder when 2318 is divided by 107?
71
Calculate the remainder when 66 is divided by 22.
0
What is the remainder when 3639 is divided by 907?
11
Calculate the remainder when 74 is divided by 14.
4
Calculate the remainder when 6008 is divided by 1999.
11
What is the remainder when 355 is divided by 17?
15
Calculate the remainder when 161 is divided by 12.
5
What is the remainder when 485 is divided by 124?
113
What is the remainder when 4633 is divided by 61?
58
Calculate the remainder when 5485 is divided by 28.
25
Calculate the remainder when 148 is divided by 8.
4
Calculate the remainder when 1222 is divided by 82.
74
Calculate the remainder when 5038 is divided by 80.
78
What is the remainder when 91 is divided by 60?
31
Calculate the remainder when 518 is divided by 126.
14
Calculate the remainder when 161 is divided by 153.
8
What is the remainder when 798 is divided by 17?
16
What is the remainder when 1203 is divided by 167?
34
Calculate the remainder when 12539 is divided by 339.
335
Calculate the remainder when 274 is divided by 14.
8
Calculate the remainder when 1988 is divided by 991.
6
What is the remainder when 3193 is divided by 50?
43
Calculate the remainder when 4354 is divi